What are the prime factors of 141 + -2 - (-2 - 7)/3?
2, 71
Let o = -17 + 39. What are the prime factors of o?
2, 11
Suppose -3*m = 2*m + 2*x - 83, 0 = -5*m + 5*x + 90. List the prime factors of m.
17
Let b(m) = 1 - 11*m + 5*m + 5*m. What are the prime factors of b(-6)?
7
Suppose 1 = 5*p - 19. Suppose 0 = -p*s + 1 + 19. Suppose 0*w + s*w - 15 = 0. What are the prime factors of w?
3
Let w be (3/2)/3*-2. Let k(o) = -o**2 - 2*o - 1. Let s be k(w). Suppose -2*i + 19 = 3*t, -42 = -5*i - s*i - 2*t. What are the prime factors of i?
2
Let l(x) = -2*x - 6. Suppose 12 = -4*v + d + d, -5*v - 41 = 4*d. What are the prime factors of l(v)?
2
Let q(x) = -4*x**3 + 2*x**2 - 3*x + 5. List the prime factors of q(-3).
2, 5, 7
Let s(q) be the second derivative of -q**4/12 - q**3/6 - q**2/2 + q. Let k be s(-3). Let p = k + 12. List the prime factors of p.
5
Let u(a) = 103*a**2 + a + 1. List the prime factors of u(-1).
103
Suppose -m - m = 0. What are the prime factors of 6 + m + (-4 - -6)?
2
Let c(g) = 33*g - 28. Let r(s) = -8*s + 7. Let w(o) = -2*c(o) - 9*r(o). What are the prime factors of w(6)?
29
Let h = -1 - -8. Suppose -3*t + 2 = -h. Suppose 0 = 2*l + t*q - 22, 6*q + 10 = q. What are the prime factors of l?
2, 7
Let c = 125 - 75. List the prime factors of c.
2, 5
Let q be 4/18 - 548/36. What are the prime factors of (4 - (-68)/(-10))*q?
2, 3, 7
Let l(z) = -5*z - 10. Let i be l(-7). Let u be (21/6)/(-1)*4. Let p = i + u. What are the prime factors of p?
11
Suppose 2*i + n - 3 = 0, -4 = -2*i + 2*n + 2. Suppose -i*b = -0*b - 28. Let h = b - 8. List the prime factors of h.
2, 3
Let m = 2 - 3. Let b be 1 + m - (-24)/6. Suppose -b*k - i + 6*i = -45, 0 = k + 2*i + 5. What are the prime factors of k?
5
Suppose 0*z = -2*z - 6. What are the prime factors of 1 - (2 - 0) - z?
2
Let q(t) = -t - 2. Let d be q(-6). Suppose d*h = 0, -c = 3*c - 2*h - 48. What are the prime factors of 26/8 - 3/c?
3
Suppose -5*m - 4*g + 695 + 218 = 0, -5*m + 922 = g. What are the prime factors of m?
5, 37
Let a(r) = 2*r - r + 7 - 2. Let b be a(-6). What are the prime factors of (b + (-3)/15)*-5?
2, 3
Let l(y) = y**3 + 5*y**2 - 4*y + 7. List the prime factors of l(3).
67
Suppose -g - 18 = -5*m, -g + 6 = 4*g - m. Suppose 5*c = -4*n + 48, -2*n + g = -c + 6. What are the prime factors of c?
2
Suppose -3*k + d - 7 = 0, -6*k = -k + 4*d - 11. What are the prime factors of (0 - -15) + 1 + k?
3, 5
Let x(q) = 3*q + 1. Let s be x(4). Suppose -k - 3*g = -s, 0 = 3*k + k - g - 13. Suppose -u + k*u = 30. What are the prime factors of u?
2, 5
Let j(g) = -52*g**3 + g**2 + g. Let q be j(-1). What are the prime factors of (-1)/(102/q - 2)?
2, 13
Let q be 1/1 + 8/(-1). Let h = 0 + -2. What are the prime factors of 7/(q/(-6)) + h?
2
Let o be 76/(-16) - 3/(-4). What are the prime factors of o/(-18) - (-169)/9?
19
Let z = 6 - 10. Let s be -1 + 3 - 4 - 6. Let m = z - s. What are the prime factors of m?
2
Suppose 3*u + g - 21 = 0, u - 4*g + 30 = 4*u. List the prime factors of u.
2, 3
List the prime factors of (-65)/10 + 8 + 78/4.
3, 7
Suppose -79 = -2*r + 61. List the prime factors of r.
2, 5, 7
Let i = 1 + 3. Suppose i*u = -5*g + 95, u = 3*u + 3*g - 47. What are the prime factors of u?
5
Let f be (-4)/14 + (-92)/(-28). Let n(l) = -f*l**2 + 0*l**2 - 3*l**3 - 4 - 2*l**3 + 4*l**3 + l. List the prime factors of n(-4).
2
Let g = -67 - -99. What are the prime factors of g?
2
Let d = 59 - 32. List the prime factors of d.
3
Let l(n) = n**3 - n - 6. Let d be l(0). Let y be 8/d*(-6)/2. Suppose 28 = 5*m - 2*q + 4*q, -14 = -3*m - y*q. What are the prime factors of m?
2, 3
Let k = -81 - -95. List the prime factors of k.
2, 7
Suppose 2 - 6 = -2*b. Suppose 5*z + 76 = 3*u - 22, -b*u = 4*z - 36. List the prime factors of u.
2, 13
Suppose -2*g - 3*z = 2*z, 0 = -3*g - 4*z + 7. Suppose -15 - 5 = -g*o. What are the prime factors of ((-11)/o)/(4/(-16))?
11
Let i = -9 - -3. Let z = i + 6. Suppose d = -2*d - 2*q + 29, z = -5*d + 4*q + 41. What are the prime factors of d?
3
Suppose 3*c + 23 = 8. Let t be (-4)/c*5/2. Suppose 0 = -t*r - r + 9. List the prime factors of r.
3
Let j(g) = -g**2 + 4*g - 3. Let h be j(2). Let v = 2 + h. Suppose v*a = 2*a - 5*u - 4, -2*a = -u - 25. List the prime factors of a.
11
What are the prime factors of 9 - (1 + 1 - 4)?
11
Suppose 0 = 3*j - 4*f + f - 9, j - 2*f - 4 = 0. Suppose -k - j + 8 = 0. Let t = k + 9. What are the prime factors of t?
3, 5
Let z(t) = t**3 + 6*t**2 - 8*t - 4. Let a be z(-7). Suppose 60 = 2*f + a*m, 5*m = -0*m + 20. Suppose 2*b + f = 5*b. List the prime factors of b.
2
Let i = 7 - 5. Suppose -7 = -r - i. What are the prime factors of r?
5
Let w(y) = 18*y. Let k be w(-1). Let p = -8 - k. Suppose -5*a + f = -25, -2*a + 2*f + f + p = 0. What are the prime factors of a?
5
Let v(l) = -12 + l + l - 4*l. Let t be v(-8). Suppose 4*x = -4*q - 0*x + 28, 0 = -q + t*x + 32. What are the prime factors of q?
2, 3
Suppose -2*p + i = 5*i + 14, 2 = -2*i. Let j(x) = x**2 + 2*x - 4. Let k be j(p). Suppose -k = -3*t - 5. List the prime factors of t.
2
Suppose -2*k + 5*j = -7, 27 = 4*k - j + 4*j. Suppose -k*i + 190 = -i. What are the prime factors of i?
2, 19
Suppose -4*y + 5*x + 6 + 19 = 0, -3*y - 10 = 2*x. Let i(n) be the second derivative of n**5/20 - n**4/12 + 6*n**2 + 2*n. What are the prime factors of i(y)?
2, 3
Let z(l) = -3*l - 3. What are the prime factors of z(-12)?
3, 11
Suppose 0 = 2*b + b - 9. Suppose 2*p = 5*t + 36, 3*p - 75 = -0*p - b*t. What are the prime factors of p?
23
Suppose -131 = -5*o + 244. What are the prime factors of o?
3, 5
Let d be ((-6)/5)/((-21)/(-140)). What are the prime factors of d/(-28) - (-82)/7?
2, 3
Let y = 14 - 9. Suppose 5*p - 28 = -2*n, -4 = p - y*n - 15. List the prime factors of p.
2, 3
Let k(a) = -a + 2. Let r be ((-15)/12)/(3/(-12)). Let b be k(r). List the prime factors of (0 + 0)/b - -13.
13
Let n be (-1)/((6/(-3))/4). Suppose -n*b = b - 21. List the prime factors of b.
7
Let a(x) be the second derivative of x**5/20 + 2*x**4/3 + 3*x**3/2 + 2*x**2 + 3*x. List the prime factors of a(-6).
2, 11
Let r be (5/(-4))/(1/4). Let j = -12 - -11. List the prime factors of (j*3)/(r/15).
3
Suppose -85 = -2*r + 197. List the prime factors of r.
3, 47
Let v(l) = l**3 + 5*l**2 - 4*l - 2. List the prime factors of v(-5).
2, 3
Let c be -3*6/(-9) + 0. Let w be 2/(-5) - 67/(-5). Suppose c*f + 3 = w. What are the prime factors of f?
5
Let j(r) be the third derivative of r**6/180 - r**5/60 + r**4/12 + r**3/3 - r**2. Let i(g) be the first derivative of j(g). What are the prime factors of i(3)?
2, 7
What are the prime factors of ((-6)/5)/(13/(-390))?
2, 3
Let n(m) = 8*m**2 - m. Let x be n(-2). Suppose 4*w + x + 38 = 0. Let f = -10 - w. What are the prime factors of f?
2
Let w(k) = 3*k**3 + 7*k**2 + 8*k - 2. Suppose -c = 4 - 0. Let f(q) = -2*q**3 - 6*q**2 - 7*q + 1. Let x(h) = c*f(h) - 3*w(h). What are the prime factors of x(4)?
2
Suppose -6*v - 22 = -250. List the prime factors of v.
2, 19
Let g(y) = 24*y + 16. List the prime factors of g(5).
2, 17
Suppose 3*d = 8*d + u - 601, -5*d - 5*u + 585 = 0. What are the prime factors of d?
11
List the prime factors of 2/(-7) - (-540)/28.
19
Let r(w) = -3*w + 8. What are the prime factors of r(-7)?
29
Let a(l) = 154*l**2 + 2*l + 2. What are the prime factors of a(-1)?
2, 7, 11
Suppose -3*p - 7*j = -3*j - 291, 0 = -3*p + 3*j + 270. What are the prime factors of p?
3, 31
Let d(v) = -v - 5. Let o be d(-7). Suppose -t + 108 = o*t. What are the prime factors of t?
2, 3
Let i(r) = -11*r + 31. What are the prime factors of i(-17)?
2, 109
Suppose 7*l + 20 = 12*l. List the prime factors of (-9)/(-12) - (-53)/l.
2, 7
Let z = 4 - 0. Suppose z*h = -h + 50. List the prime factors of h.
2, 5
Let u be 6/4 - 3/2. Suppose -2 = -w - u*w. Suppose w*k + 3 - 17 = 0. List the prime factors of k.
7
Let y be (3 - 3)*(-2 - -1). Suppose d + d + 5*v - 1 = y, -4*d + 44 = -4*v. List the prime factors of d.
2
Suppose 5*o = 2*m + 3*o + 2, 0 = -4*m - 3*o + 17. Suppose m*f - 5*f = -114. What are the prime factors of f?
2, 19
Let k be 58/4 - 4/(-8). Let o = k + -12. List the prime factors of o.
3
Suppose -4*u - 5*l = -0*u - 588, 3*u + 5*l - 436 = 0. Suppose -2*v + 0*x = 3*x + 79, 4*v = -4*x - u. Let d = v + 49. What are the prime factors of d?
2, 7
Let s = -4 - -6. Suppose 8 = 3